q. List the prime factors of b.
7
Let p = -169 - 56. List the prime factors of 2/(-8) - p/20.
11
Let d(l) = -l**3 - 5*l**2 - 4*l + 5. Let t be d(-4). Suppose -63 = -2*z - t*x + 25, 2*x + 44 = z. Suppose 3*f - 7*f = -z. List the prime factors of f.
11
Let s(o) = -2*o + 5. Let y be s(3). What are the prime factors of y + (-76)/(-4) + 1?
19
Suppose -3*y + 6 = -9, 3*y - 79 = -4*c. Suppose 0 = 3*o + s - c, -5*o + 0*s + 34 = -2*s. List the prime factors of o.
2, 3
Suppose -4*u - 5*z = -0*z - 10, 3*z = 5*u - 31. Suppose -t = -19 + u. What are the prime factors of t?
2, 7
Let s(n) = -2*n - 9. Let p be s(-12). List the prime factors of ((-10)/p)/((-1)/78).
2, 13
Let u = 102 + -58. What are the prime factors of u?
2, 11
Suppose 4*o + 3 = -3*d, 4*o - 2*d + 19 - 1 = 0. List the prime factors of (-151)/o - 13/39.
2, 5
Let j(l) = -l - 10. What are the prime factors of j(-19)?
3
Let c(g) = -g**2 + 10*g + 14. Let w be c(11). List the prime factors of 126/10 - w/5.
2, 3
Let l(j) = j**2 + 9. Let q = 17 - 11. What are the prime factors of l(q)?
3, 5
Suppose -g + 3*z = -4*g - 24, 5*g + 32 = -3*z. Let l(w) = -2*w - 3. What are the prime factors of l(g)?
5
Let u(s) = 6*s**2 - 2*s - 5. List the prime factors of u(-3).
5, 11
Suppose 60 = -24*k + 25*k. What are the prime factors of k?
2, 3, 5
Let g be 3/(((-18)/(-16))/3). Let s(a) be the first derivative of -a**3/3 + 5*a**2 + 2*a + 2. List the prime factors of s(g).
2, 3
Suppose -4*y = -j + 99, 5*y = 4*y + 4*j - 36. Let a be (-3)/(-2)*y/9. What are the prime factors of a/10 + 27/5?
5
Let o be ((-2)/2 - 0)*-2. Suppose 4*z + 34 = o*l, z + l - 41 = 6*z. Let p(u) = u + 14. List the prime factors of p(z).
2, 3
Suppose -5 = -5*f, 5*f = 5*a + 5 - 25. Let x be -1 + -1*6*-1. Suppose 3*u = a*m + 42, -m - 16 - x = -2*u. List the prime factors of u.
3
Let r(y) = 29*y**2 + 5*y + 10. What are the prime factors of r(-3)?
2
Let d = 48 - -11. What are the prime factors of d?
59
Let i be -20 + -3*6/(-9). Let f = i + 25. What are the prime factors of f?
7
Let n(h) = -8*h + 8. List the prime factors of n(-4).
2, 5
Let s(a) = 192*a**3 - 2*a**2 + a - 1. What are the prime factors of s(1)?
2, 5, 19
Suppose -1 = -2*f + 3. Let h = 4 - f. Suppose h*c = -2*q + 2, -3*q + 4*c + 6 = -25. What are the prime factors of q?
5
What are the prime factors of 4/(-2) + 6 + 114?
2, 59
Let u(g) = g**3 - 4*g**2 + g - 2. Let x be u(3). Let m be 2/8 - 54/x. Suppose -2*c + m = -1. What are the prime factors of c?
2
Let k be (-8)/(-14)*(-56)/(-16). Suppose -x - k*d - 11 = d, 0 = 3*x + 4*d + 8. List the prime factors of x.
2
List the prime factors of -6*(-3 - -2)*2.
2, 3
Let i be (6/(-4))/(6/(-28)). Let b = i + -5. List the prime factors of (b/3)/(8/60).
5
Suppose 11*z - 16*z + 150 = 0. What are the prime factors of z?
2, 3, 5
Suppose -5*k + 98 = 3*l - 2*l, 3*k = 2*l + 51. What are the prime factors of k?
19
Suppose 2*u = -2*u + 8. Suppose u*k - 7*k = 30. What are the prime factors of 1/(-3*1/k)?
2
Let q(p) = p**3 + 2*p**2 - 3*p - 4. What are the prime factors of q(3)?
2
Suppose -2*i + 24 = 2*s, 0 = -s - 4*i - 0*i + 15. What are the prime factors of s?
11
Let b = -203 - -383. Suppose 0 = -3*p - 2*p + b. List the prime factors of p.
2, 3
Suppose -3*p + 14 = -p. Let r(y) = y**2 - 7*y + 5. What are the prime factors of r(p)?
5
Suppose 3*f = -4*d + 14, -d - 4*f = -5 - 5. Suppose -4*j = -d*j. Let x(k) = -k + 12. List the prime factors of x(j).
2, 3
Suppose -3*v + 6*v = 369. What are the prime factors of v?
3, 41
Let r(z) = -z**3 + 4*z**2 - 2*z - 1. Let d be r(3). Suppose d*i + 3*i - 5*c = 55, -3*i + 2*c + 30 = 0. What are the prime factors of i?
2
Let t be (-77)/(-3) - (-8)/24. Suppose -s - t = -4*z + 2*s, 13 = 3*z + s. What are the prime factors of z?
5
Suppose -4*l + 21 = 3*q, 3*l + 5*q - 2*q = 18. Suppose -l*n + 34 + 17 = 0. What are the prime factors of n?
17
Let x(f) = f**2 + f + 8. What are the prime factors of x(5)?
2, 19
Let g(o) = -18*o - 54. What are the prime factors of g(-7)?
2, 3
Let j be (4/(-2))/((-2)/3). Suppose 26 = -3*w - 5*r, 5*r + 27 + j = -5*w. What are the prime factors of (w/3)/(4/(-42))?
7
Let g = 0 + 0. Suppose -l - 5*s + 43 = g, 3*s + 34 = -4*l + 6*l. What are the prime factors of l?
23
Let r = -12 + 20. List the prime factors of r.
2
Let k = -98 - -191. Suppose h + 3 = 0, -b - 3*h = 2*b - k. What are the prime factors of b?
2, 17
Let v be ((-8)/(-6))/(6/(-90)). Let o = v - -38. List the prime factors of o.
2, 3
Suppose -4*c + 131 = 23. What are the prime factors of c?
3
Suppose 2*m = 3*y + 131 + 79, -m + 114 = 3*y. What are the prime factors of m?
2, 3
Let o = -1 + 3. Let a = o - 0. Suppose 0*c = 3*c - a*w - 3, 3*w - 15 = -2*c. List the prime factors of c.
3
Let m(a) = -a**2 - 7*a + 6. What are the prime factors of m(-7)?
2, 3
Let x(k) be the first derivative of k**3/3 - k**2/2 + 2*k - 4. Let d be x(-5). Let a = d + -14. List the prime factors of a.
2, 3
Let s(v) be the third derivative of -1/3*v**3 + 0*v + 1/12*v**4 + 2*v**2 + 0. List the prime factors of s(2).
2
Let n(o) = -9*o + 23. List the prime factors of n(-9).
2, 13
What are the prime factors of (2763/21 - 3/(-7)) + 3?
3, 5
What are the prime factors of (12/7)/((-1)/(-28))?
2, 3
Let t(z) = -24*z + 10. What are the prime factors of t(-3)?
2, 41
Let w(v) = v**2. Let q(m) = -4*m**2 + 8*m - 1. Let o(p) = q(p) + 3*w(p). List the prime factors of o(7).
2, 3
List the prime factors of ((-3)/4)/(2/(-24)).
3
List the prime factors of (3/(27/69))/(1/36).
2, 3, 23
Suppose 3*c = 6*c - 18. What are the prime factors of c?
2, 3
Let r be 5/(-1)*(-5 - -4). Suppose 18 = 2*t - 3*s, -4*s + s = r*t - 66. What are the prime factors of t?
2, 3
Suppose -5*d + 5 = -15, 580 = 4*t + 3*d. What are the prime factors of t?
2, 71
Let n = 83 + -53. Suppose -3*i = 2*c - 34, n = 5*i - 0*c - 2*c. What are the prime factors of 2 + -4 + 1*i?
2, 3
Let n(d) = d**2 + 4 - 5 + d**3 + 8*d**3. Suppose 0 - 3 = -3*h. What are the prime factors of n(h)?
3
Suppose 0 = 2*s - 88 - 112. Suppose -5*j + 241 = 4*z, -3*j - 2*z = -43 - s. What are the prime factors of j?
3, 5
Suppose 399 = 5*r + 3*y, -r + 11 = 4*y - 62. What are the prime factors of r?
3
Suppose l - 3135 = -10*l. List the prime factors of l.
3, 5, 19
Let d be (-4)/16 - 42/(-8). Suppose -3*s - 8 = -d*h, 2*h = -3*h - 4*s + 36. What are the prime factors of h?
2
Let d(c) = c**3 - c**2 - c - 4. Let v be d(-3). Let g = 52 + v. What are the prime factors of g?
3, 5
Let w = 7 + -3. Let m be ((-2)/(-4))/((-2)/w). Let p(u) = 3*u**2 - 1. What are the prime factors of p(m)?
2
Let w(y) = 1 - 2 + 22*y**3 - 3*y**2 + 2*y + y**2. What are the prime factors of w(1)?
3, 7
What are the prime factors of 12095/45 + (-8)/(-36)?
269
Let i(w) = 2*w**2 - 10*w + 9. List the prime factors of i(7).
37
Let u(c) = -c + 30. What are the prime factors of u(10)?
2, 5
Suppose 0*v + 3*u - 3 = 3*v, 0 = 4*u - 12. Suppose -4*o = -0*o - 5*c - 46, 3*c = v*o - 24. What are the prime factors of o?
3
Suppose -3*m + 57 = 3*d, 3*m + 4*d + d = 47. Suppose 3*o - 4*f = -7*f + 36, 2*o + 5*f - m = 0. List the prime factors of o.
2, 3
Let m be (0/(-4))/3 - -109. Let c = m + -78. List the prime factors of c.
31
Let g(i) = 8*i**2 - 15*i - 44. Let u(w) = -3*w**2 + 5*w + 15. Let t(o) = -4*g(o) - 11*u(o). What are the prime factors of t(-8)?
5, 7
Let l(p) = -10*p - 3*p**2 + 0*p**2 - 11 - 6*p**2 - p**3. Let s be l(-8). Let w = 7 - s. List the prime factors of w.
2
Let t = 90 - 45. List the prime factors of -1 + t/(-6)*-2.
2, 7
Let i be -1*(-3 + 2 + -2). List the prime factors of (-8)/12 + 35/i.
11
Let v = -19 - -21. Suppose -v*h + 22 = -h. List the prime factors of h.
2, 11
Let u(k) = -2*k + 5. Let a be u(-5). Let z = 21 - a. List the prime factors of z.
2, 3
Let q(y) = -y**3 - 4*y**2 + 5*y + 1. Let o be q(-5). Let w = o - 2. What are the prime factors of 6*(-3)/2*w?
3
Let v = 188 + -88. What are the prime factors of v?
2, 5
Let f = 25 + -18. What are the prime factors of f?
7
Let b = 39 - 10. What are the prime factors of b?
29
Let p(y) = -y**2 + 4*y - 3. Let m be p(2). Let a = 1 + m. What are the prime factors of a?
2
Let v(j) = -j**2 + j + 4. Let d be v(0). Suppose -4*u = d + 20. Let l(h) = -h**2 - 6*h + 3. What are the prime factors of l(u)?
3
Suppose 4*q = 2*k + 8, 0*q = -k + q - 3. Let d be (19/k)/((-1)/2). Suppose -3